{"id":132,"date":"2020-10-20T14:06:37","date_gmt":"2020-10-20T14:06:37","guid":{"rendered":"https:\/\/190.147.155.248\/~amdcep\/greenloop\/?page_id=132"},"modified":"2023-11-09T15:55:48","modified_gmt":"2023-11-09T15:55:48","slug":"noticias-sostenibles","status":"publish","type":"page","link":"https:\/\/green-loop.com\/esp\/noticias-sostenibles\/","title":{"rendered":"Noticias"},"content":{"rendered":"\t\t<div data-elementor-type=\"wp-page\" data-elementor-id=\"132\" class=\"elementor elementor-132\" data-elementor-post-type=\"page\">\n\t\t\t\t\t\t<section class=\"elementor-section elementor-top-section elementor-element elementor-element-066a471 elementor-section-height-min-height elementor-section-items-bottom elementor-section-boxed elementor-section-height-default\" data-id=\"066a471\" data-element_type=\"section\" data-e-type=\"section\" data-settings=\"{&quot;jet_parallax_layout_list&quot;:[{&quot;jet_parallax_layout_image&quot;:{&quot;url&quot;:&quot;&quot;,&quot;id&quot;:&quot;&quot;,&quot;size&quot;:&quot;&quot;},&quot;_id&quot;:&quot;cc94e3c&quot;,&quot;jet_parallax_layout_image_tablet&quot;:{&quot;url&quot;:&quot;&quot;,&quot;id&quot;:&quot;&quot;,&quot;size&quot;:&quot;&quot;},&quot;jet_parallax_layout_image_mobile&quot;:{&quot;url&quot;:&quot;&quot;,&quot;id&quot;:&quot;&quot;,&quot;size&quot;:&quot;&quot;},&quot;jet_parallax_layout_speed&quot;:{&quot;unit&quot;:&quot;%&quot;,&quot;size&quot;:50,&quot;sizes&quot;:[]},&quot;jet_parallax_layout_type&quot;:&quot;scroll&quot;,&quot;jet_parallax_layout_direction&quot;:null,&quot;jet_parallax_layout_fx_direction&quot;:null,&quot;jet_parallax_layout_z_index&quot;:&quot;&quot;,&quot;jet_parallax_layout_bg_x&quot;:50,&quot;jet_parallax_layout_bg_x_tablet&quot;:&quot;&quot;,&quot;jet_parallax_layout_bg_x_mobile&quot;:&quot;&quot;,&quot;jet_parallax_layout_bg_y&quot;:50,&quot;jet_parallax_layout_bg_y_tablet&quot;:&quot;&quot;,&quot;jet_parallax_layout_bg_y_mobile&quot;:&quot;&quot;,&quot;jet_parallax_layout_bg_size&quot;:&quot;auto&quot;,&quot;jet_parallax_layout_bg_size_tablet&quot;:&quot;&quot;,&quot;jet_parallax_layout_bg_size_mobile&quot;:&quot;&quot;,&quot;jet_parallax_layout_animation_prop&quot;:&quot;transform&quot;,&quot;jet_parallax_layout_on&quot;:[&quot;desktop&quot;,&quot;tablet&quot;]}],&quot;background_background&quot;:&quot;classic&quot;}\">\n\t\t\t\t\t\t<div class=\"elementor-container elementor-column-gap-default\">\n\t\t\t\t\t<div class=\"elementor-column elementor-col-100 elementor-top-column elementor-element elementor-element-acf062d\" data-id=\"acf062d\" data-element_type=\"column\" data-e-type=\"column\">\n\t\t\t<div class=\"elementor-widget-wrap elementor-element-populated\">\n\t\t\t\t\t\t<div class=\"elementor-element elementor-element-3414853 elementor-widget elementor-widget-heading\" data-id=\"3414853\" data-element_type=\"widget\" data-e-type=\"widget\" data-widget_type=\"heading.default\">\n\t\t\t\t<div class=\"elementor-widget-container\">\n\t\t\t\t\t<h2 class=\"elementor-heading-title elementor-size-default\">Noticias<\/h2>\t\t\t\t<\/div>\n\t\t\t\t<\/div>\n\t\t\t\t\t<\/div>\n\t\t<\/div>\n\t\t\t\t\t<\/div>\n\t\t<\/section>\n\t\t\t\t<section class=\"elementor-section elementor-top-section elementor-element elementor-element-82ad348 elementor-section-boxed elementor-section-height-default elementor-section-height-default\" data-id=\"82ad348\" data-element_type=\"section\" data-e-type=\"section\" data-settings=\"{&quot;jet_parallax_layout_list&quot;:[{&quot;jet_parallax_layout_image&quot;:{&quot;url&quot;:&quot;&quot;,&quot;id&quot;:&quot;&quot;,&quot;size&quot;:&quot;&quot;},&quot;_id&quot;:&quot;fdbebf9&quot;,&quot;jet_parallax_layout_image_tablet&quot;:{&quot;url&quot;:&quot;&quot;,&quot;id&quot;:&quot;&quot;,&quot;size&quot;:&quot;&quot;},&quot;jet_parallax_layout_image_mobile&quot;:{&quot;url&quot;:&quot;&quot;,&quot;id&quot;:&quot;&quot;,&quot;size&quot;:&quot;&quot;},&quot;jet_parallax_layout_speed&quot;:{&quot;unit&quot;:&quot;%&quot;,&quot;size&quot;:50,&quot;sizes&quot;:[]},&quot;jet_parallax_layout_type&quot;:&quot;scroll&quot;,&quot;jet_parallax_layout_direction&quot;:null,&quot;jet_parallax_layout_fx_direction&quot;:null,&quot;jet_parallax_layout_z_index&quot;:&quot;&quot;,&quot;jet_parallax_layout_bg_x&quot;:50,&quot;jet_parallax_layout_bg_x_tablet&quot;:&quot;&quot;,&quot;jet_parallax_layout_bg_x_mobile&quot;:&quot;&quot;,&quot;jet_parallax_layout_bg_y&quot;:50,&quot;jet_parallax_layout_bg_y_tablet&quot;:&quot;&quot;,&quot;jet_parallax_layout_bg_y_mobile&quot;:&quot;&quot;,&quot;jet_parallax_layout_bg_size&quot;:&quot;auto&quot;,&quot;jet_parallax_layout_bg_size_tablet&quot;:&quot;&quot;,&quot;jet_parallax_layout_bg_size_mobile&quot;:&quot;&quot;,&quot;jet_parallax_layout_animation_prop&quot;:&quot;transform&quot;,&quot;jet_parallax_layout_on&quot;:[&quot;desktop&quot;,&quot;tablet&quot;]}]}\">\n\t\t\t\t\t\t<div class=\"elementor-container elementor-column-gap-default\">\n\t\t\t\t\t<div class=\"elementor-column elementor-col-100 elementor-top-column elementor-element elementor-element-98f5d7c\" data-id=\"98f5d7c\" data-element_type=\"column\" data-e-type=\"column\">\n\t\t\t<div class=\"elementor-widget-wrap elementor-element-populated\">\n\t\t\t\t\t\t<div class=\"elementor-element elementor-element-ee7dbd1 elementor-widget elementor-widget-jet-posts\" data-id=\"ee7dbd1\" data-element_type=\"widget\" data-e-type=\"widget\" data-settings=\"{&quot;columns&quot;:&quot;3&quot;,&quot;columns_tablet&quot;:&quot;2&quot;,&quot;columns_mobile&quot;:&quot;1&quot;,&quot;slides_to_scroll&quot;:&quot;1&quot;}\" data-widget_type=\"jet-posts.default\">\n\t\t\t\t<div class=\"elementor-widget-container\">\n\t\t\t\t\t<div class=\"elementor-jet-posts jet-elements\"><div class=\"jet-posts col-row \"><div class=\"jet-posts__item\">\n\t<div class=\"jet-posts__inner-box\"><div class=\"post-thumbnail\"><a href=\"https:\/\/green-loop.com\/esp\/sin-categoria\/leed-v5-la-nueva-frontera-en-la-construccion-sostenible\/\" class=\"post-thumbnail__link\"><img loading=\"lazy\" decoding=\"async\" class=\"post-thumbnail__img wp-post-image\" src=\"https:\/\/green-loop.com\/wp-content\/uploads\/2025\/10\/mito-1-1-2.jpg\" alt=\"LEED v5: \u00bfLa Nueva Frontera en la Construcci\u00f3n Sostenible?\" loading=\"lazy\" width=\"2500\" height=\"1916\"><\/a><\/div><div class=\"jet-posts__inner-content\"><h4 class=\"entry-title\"><a href=\"https:\/\/green-loop.com\/esp\/sin-categoria\/leed-v5-la-nueva-frontera-en-la-construccion-sostenible\/\" target=\"\">LEED v5: \u00bfLa Nueva Frontera...<\/a><\/h4><div class=\"entry-excerpt\">La sostenibilidad en la construcci\u00f3n ha dado un paso significativo con el lanzamiento de LEED v5, la \u00faltima versi\u00f3n del sistema de certificaci\u00f3n l\u00edder a&hellip;<\/div><div class=\"jet-more-wrap\"><a href=\"https:\/\/green-loop.com\/esp\/sin-categoria\/leed-v5-la-nueva-frontera-en-la-construccion-sostenible\/\" class=\"btn btn-primary elementor-button elementor-size-md jet-more\" target=\"\"><span class=\"btn__text\">Conoce m\u00e1s<\/span><\/a><\/div><\/div><\/div>\n<\/div>\n<div class=\"jet-posts__item\">\n\t<div class=\"jet-posts__inner-box\"><div class=\"post-thumbnail\"><a href=\"https:\/\/green-loop.com\/esp\/sin-categoria\/net-zero-no-son-paneles-solares\/\" class=\"post-thumbnail__link\"><img loading=\"lazy\" decoding=\"async\" class=\"post-thumbnail__img wp-post-image\" src=\"https:\/\/green-loop.com\/wp-content\/uploads\/2025\/06\/gggggg-1.png\" alt=\"\u00a1Net Zero no son paneles solares. Es todo lo que viene antes de ellos!\" loading=\"lazy\" width=\"1920\" height=\"1080\"><\/a><\/div><div class=\"jet-posts__inner-content\"><h4 class=\"entry-title\"><a href=\"https:\/\/green-loop.com\/esp\/sin-categoria\/net-zero-no-son-paneles-solares\/\" target=\"\">\u00a1Net Zero no son paneles...<\/a><\/h4><div class=\"entry-excerpt\">Hace poco, un cliente de una isla del Caribe se acerc\u00f3 a nosotros para decirnos: \u201cQueremos un edificio Net Zero \u2014 pero sin modelado, ni&hellip;<\/div><div class=\"jet-more-wrap\"><a href=\"https:\/\/green-loop.com\/esp\/sin-categoria\/net-zero-no-son-paneles-solares\/\" class=\"btn btn-primary elementor-button elementor-size-md jet-more\" target=\"\"><span class=\"btn__text\">Conoce m\u00e1s<\/span><\/a><\/div><\/div><\/div>\n<\/div>\n<div class=\"jet-posts__item\">\n\t<div class=\"jet-posts__inner-box\"><div class=\"post-thumbnail\"><a href=\"https:\/\/green-loop.com\/esp\/sin-categoria\/esteban-martinez-destaca-la-importancia-de-la-naturaleza-en-la-construccion-sostenible-en-la-conferencia-regional-adapt-2025\/\" class=\"post-thumbnail__link\"><img loading=\"lazy\" decoding=\"async\" class=\"post-thumbnail__img wp-post-image\" src=\"https:\/\/green-loop.com\/wp-content\/uploads\/2025\/04\/WhatsApp-Image-2025-03-04-at-3.51.02-PM-scaled.jpeg\" alt=\"Esteban Mart\u00ednez destaca la importancia de la naturaleza en la construcci\u00f3n sostenible en la Conferencia Regional ADAPT 2025\" loading=\"lazy\" width=\"2560\" height=\"1441\"><\/a><\/div><div class=\"jet-posts__inner-content\"><h4 class=\"entry-title\"><a href=\"https:\/\/green-loop.com\/esp\/sin-categoria\/esteban-martinez-destaca-la-importancia-de-la-naturaleza-en-la-construccion-sostenible-en-la-conferencia-regional-adapt-2025\/\" target=\"\">Esteban Mart\u00ednez destaca la importancia...<\/a><\/h4><div class=\"entry-excerpt\">La Conferencia Regional ADAPT del Sureste 2025, organizada por el U.S. Green Building Council (USGBC), reuni\u00f3 a l\u00edderes y expertos en construcci\u00f3n sostenible para discutir&hellip;<\/div><div class=\"jet-more-wrap\"><a href=\"https:\/\/green-loop.com\/esp\/sin-categoria\/esteban-martinez-destaca-la-importancia-de-la-naturaleza-en-la-construccion-sostenible-en-la-conferencia-regional-adapt-2025\/\" class=\"btn btn-primary elementor-button elementor-size-md jet-more\" target=\"\"><span class=\"btn__text\">Conoce m\u00e1s<\/span><\/a><\/div><\/div><\/div>\n<\/div>\n<div class=\"jet-posts__item\">\n\t<div class=\"jet-posts__inner-box\"><div class=\"post-thumbnail\"><a href=\"https:\/\/green-loop.com\/esp\/sin-categoria\/cityu-la-primera-residencia-universitaria-en-colombia-con-certificacion-leed-gold-om\/\" class=\"post-thumbnail__link\"><img loading=\"lazy\" decoding=\"async\" class=\"post-thumbnail__img wp-post-image\" src=\"https:\/\/green-loop.com\/wp-content\/uploads\/2024\/12\/Asset-4.png\" alt=\"CityU: La Primera Residencia Universitaria en Colombia con Certificaci\u00f3n LEED Gold O+M\" loading=\"lazy\" width=\"1516\" height=\"1004\"><\/a><\/div><div class=\"jet-posts__inner-content\"><h4 class=\"entry-title\"><a href=\"https:\/\/green-loop.com\/esp\/sin-categoria\/cityu-la-primera-residencia-universitaria-en-colombia-con-certificacion-leed-gold-om\/\" target=\"\">CityU: La Primera Residencia Universitaria...<\/a><\/h4><div class=\"entry-excerpt\">CityU, un destacado proyecto de vivienda estudiantil y comercial ubicado en el coraz\u00f3n de Bogot\u00e1, ha marcado un hito al convertirse en la primera residencia&hellip;<\/div><div class=\"jet-more-wrap\"><a href=\"https:\/\/green-loop.com\/esp\/sin-categoria\/cityu-la-primera-residencia-universitaria-en-colombia-con-certificacion-leed-gold-om\/\" class=\"btn btn-primary elementor-button elementor-size-md jet-more\" target=\"\"><span class=\"btn__text\">Conoce m\u00e1s<\/span><\/a><\/div><\/div><\/div>\n<\/div>\n<div class=\"jet-posts__item\">\n\t<div class=\"jet-posts__inner-box\"><div class=\"post-thumbnail\"><a href=\"https:\/\/green-loop.com\/esp\/sin-categoria\/green-loop-presente-en-la-cop-16\/\" class=\"post-thumbnail__link\"><img loading=\"lazy\" decoding=\"async\" class=\"post-thumbnail__img wp-post-image\" src=\"https:\/\/green-loop.com\/wp-content\/uploads\/2024\/10\/2-portada-cop-16.jpg\" alt=\"Green Loop presente en la COP 16\" loading=\"lazy\" width=\"2401\" height=\"1350\"><\/a><\/div><div class=\"jet-posts__inner-content\"><h4 class=\"entry-title\"><a href=\"https:\/\/green-loop.com\/esp\/sin-categoria\/green-loop-presente-en-la-cop-16\/\" target=\"\">Green Loop presente en la...<\/a><\/h4><div class=\"entry-excerpt\">Nuestro COO Esteban Mart\u00ednez ser\u00e1 panelista en \u201cSustainable Communities in Colombia: Nature and Wellness\u201d Con gran emoci\u00f3n, anunciamos que Green Loop participar\u00e1 en la COP&hellip;<\/div><div class=\"jet-more-wrap\"><a href=\"https:\/\/green-loop.com\/esp\/sin-categoria\/green-loop-presente-en-la-cop-16\/\" class=\"btn btn-primary elementor-button elementor-size-md jet-more\" target=\"\"><span class=\"btn__text\">Conoce m\u00e1s<\/span><\/a><\/div><\/div><\/div>\n<\/div>\n<div class=\"jet-posts__item\">\n\t<div class=\"jet-posts__inner-box\"><div class=\"post-thumbnail\"><a href=\"https:\/\/green-loop.com\/esp\/sin-categoria\/celebramos-la-certificacion-leed-gold-del-proyecto-potenza\/\" class=\"post-thumbnail__link\"><img loading=\"lazy\" decoding=\"async\" class=\"post-thumbnail__img wp-post-image\" src=\"https:\/\/green-loop.com\/wp-content\/uploads\/2024\/08\/WhatsApp-Image-2024-03-04-at-17.28.14.jpeg\" alt=\"\u00a1Celebramos la Certificaci\u00f3n LEED Gold del Proyecto Potenza!\" loading=\"lazy\" width=\"1600\" height=\"1066\"><\/a><\/div><div class=\"jet-posts__inner-content\"><h4 class=\"entry-title\"><a href=\"https:\/\/green-loop.com\/esp\/sin-categoria\/celebramos-la-certificacion-leed-gold-del-proyecto-potenza\/\" target=\"\">\u00a1Celebramos la Certificaci\u00f3n LEED Gold...<\/a><\/h4><div class=\"entry-excerpt\">Este prestigioso reconocimiento resalta nuestro compromiso con la sostenibilidad y la eficiencia. Centro Empresarial y de Negocios Potenza: Innovaci\u00f3n y Sostenibilidad El Centro Empresarial y&hellip;<\/div><div class=\"jet-more-wrap\"><a href=\"https:\/\/green-loop.com\/esp\/sin-categoria\/celebramos-la-certificacion-leed-gold-del-proyecto-potenza\/\" class=\"btn btn-primary elementor-button elementor-size-md jet-more\" target=\"\"><span class=\"btn__text\">Conoce m\u00e1s<\/span><\/a><\/div><\/div><\/div>\n<\/div>\n<div class=\"jet-posts__item\">\n\t<div class=\"jet-posts__inner-box\"><div class=\"post-thumbnail\"><a href=\"https:\/\/green-loop.com\/esp\/sin-categoria\/green-loop-ganador-en-los-premios-ve\/\" class=\"post-thumbnail__link\"><img loading=\"lazy\" decoding=\"async\" class=\"post-thumbnail__img wp-post-image\" src=\"https:\/\/green-loop.com\/wp-content\/uploads\/2024\/03\/Asset-24.jpg\" alt=\"Green Loop Ganador en los Premios VE User of the year (IES)\" loading=\"lazy\" width=\"541\" height=\"810\"><\/a><\/div><div class=\"jet-posts__inner-content\"><h4 class=\"entry-title\"><a href=\"https:\/\/green-loop.com\/esp\/sin-categoria\/green-loop-ganador-en-los-premios-ve\/\" target=\"\">Green Loop Ganador en los...<\/a><\/h4><div class=\"entry-excerpt\">\u00a1Es un honor para nosotros compartir una noticia emocionante y gratificante! Nos complace anunciar que Green Loop ha sido seleccionado como el Mejor proyecto suramericano&hellip;<\/div><div class=\"jet-more-wrap\"><a href=\"https:\/\/green-loop.com\/esp\/sin-categoria\/green-loop-ganador-en-los-premios-ve\/\" class=\"btn btn-primary elementor-button elementor-size-md jet-more\" target=\"\"><span class=\"btn__text\">Conoce m\u00e1s<\/span><\/a><\/div><\/div><\/div>\n<\/div>\n<div class=\"jet-posts__item\">\n\t<div class=\"jet-posts__inner-box\"><div class=\"post-thumbnail\"><a href=\"https:\/\/green-loop.com\/esp\/sin-categoria\/green-loop-es-parte-de-las-114-empresas-b-en-colombia\/\" class=\"post-thumbnail__link\"><img loading=\"lazy\" decoding=\"async\" class=\"post-thumbnail__img wp-post-image\" src=\"https:\/\/green-loop.com\/wp-content\/uploads\/2023\/12\/DSC07849.jpg\" alt=\"Green Loop es parte de las 114 Empresas B en Colombia.\" loading=\"lazy\" width=\"1616\" height=\"1080\"><\/a><\/div><div class=\"jet-posts__inner-content\"><h4 class=\"entry-title\"><a href=\"https:\/\/green-loop.com\/esp\/sin-categoria\/green-loop-es-parte-de-las-114-empresas-b-en-colombia\/\" target=\"\">Green Loop es parte de...<\/a><\/h4><div class=\"entry-excerpt\">Desde el impulso del reciclaje responsable hasta el florecimiento del arte y el entretenimiento, pasando por los bienes ra\u00edces y la construcci\u00f3n, Green Loop encabeza&hellip;<\/div><div class=\"jet-more-wrap\"><a href=\"https:\/\/green-loop.com\/esp\/sin-categoria\/green-loop-es-parte-de-las-114-empresas-b-en-colombia\/\" class=\"btn btn-primary elementor-button elementor-size-md jet-more\" target=\"\"><span class=\"btn__text\">Conoce m\u00e1s<\/span><\/a><\/div><\/div><\/div>\n<\/div>\n<div class=\"jet-posts__item\">\n\t<div class=\"jet-posts__inner-box\"><div class=\"post-thumbnail\"><a href=\"https:\/\/green-loop.com\/esp\/sin-categoria\/lider-en-construccion-de-viviendas\/\" class=\"post-thumbnail__link\"><img loading=\"lazy\" decoding=\"async\" class=\"post-thumbnail__img wp-post-image\" src=\"https:\/\/green-loop.com\/wp-content\/uploads\/2023\/11\/meraki-casa-nua-2.jpg\" alt=\"\u00bfColombia podr\u00eda ser l\u00edder en construcci\u00f3n de viviendas sostenibles?\" loading=\"lazy\" width=\"1500\" height=\"999\"><\/a><\/div><div class=\"jet-posts__inner-content\"><h4 class=\"entry-title\"><a href=\"https:\/\/green-loop.com\/esp\/sin-categoria\/lider-en-construccion-de-viviendas\/\" target=\"\">\u00bfColombia podr\u00eda ser l\u00edder en...<\/a><\/h4><div class=\"entry-excerpt\">El incremento notable de construcciones certificadas con el distintivo EDGE, reconocido por su enfoque en la sostenibilidad edificatoria, destaca como un claro indicador de la&hellip;<\/div><div class=\"jet-more-wrap\"><a href=\"https:\/\/green-loop.com\/esp\/sin-categoria\/lider-en-construccion-de-viviendas\/\" class=\"btn btn-primary elementor-button elementor-size-md jet-more\" target=\"\"><span class=\"btn__text\">Conoce m\u00e1s<\/span><\/a><\/div><\/div><\/div>\n<\/div>\n<div class=\"jet-posts__item\">\n\t<div class=\"jet-posts__inner-box\"><div class=\"post-thumbnail\"><a href=\"https:\/\/green-loop.com\/esp\/sin-categoria\/en-america-latina-70-de-las-firmas-apuestan-por-la-sostenibilidad\/\" class=\"post-thumbnail__link\"><img loading=\"lazy\" decoding=\"async\" class=\"post-thumbnail__img wp-post-image\" src=\"https:\/\/green-loop.com\/wp-content\/uploads\/2023\/07\/pexels-kindel-media-9799731.jpg\" alt=\"Un 70% de las empresas priorizan la sostenibilidad como pilar estrat\u00e9gico.\" loading=\"lazy\" width=\"640\" height=\"480\"><\/a><\/div><div class=\"jet-posts__inner-content\"><h4 class=\"entry-title\"><a href=\"https:\/\/green-loop.com\/esp\/sin-categoria\/en-america-latina-70-de-las-firmas-apuestan-por-la-sostenibilidad\/\" target=\"\">Un 70% de las empresas...<\/a><\/h4><div class=\"entry-excerpt\">SAP ha lanzado la tercera edici\u00f3n de su informe de sostenibilidad para el a\u00f1o 2023, ofreciendo una visi\u00f3n integral del progreso de los objetivos en&hellip;<\/div><div class=\"jet-more-wrap\"><a href=\"https:\/\/green-loop.com\/esp\/sin-categoria\/en-america-latina-70-de-las-firmas-apuestan-por-la-sostenibilidad\/\" class=\"btn btn-primary elementor-button elementor-size-md jet-more\" target=\"\"><span class=\"btn__text\">Conoce m\u00e1s<\/span><\/a><\/div><\/div><\/div>\n<\/div>\n<\/div>\n<\/div>\t\t\t\t<\/div>\n\t\t\t\t<\/div>\n\t\t\t\t\t<\/div>\n\t\t<\/div>\n\t\t\t\t\t<\/div>\n\t\t<\/section>\n\t\t\t\t<\/div>\n\t\t","protected":false},"excerpt":{"rendered":"<p>Noticias En Am\u00e9rica Latina, 70% de&#8230; La empresa&nbsp;SAP&nbsp;present\u00f3 la&nbsp;tercera edici\u00f3n (2023) de su&nbsp;reporte de sostenibilidad, el cual muestra una radiograf\u00eda de c\u00f3mo avanzan los objetivos en esta materia en la regi\u00f3n.&hellip;Conoce m\u00e1s CTIC ganador del II Premio&#8230; CTIC &#8211; Centro de Tratamiento e Investigaci\u00f3n sobre C\u00e1ncer Luis Carlos Sarmiento Angulo, fue el ganador del II [&hellip;]<\/p>\n","protected":false},"author":1,"featured_media":0,"parent":0,"menu_order":0,"comment_status":"closed","ping_status":"closed","template":"elementor_header_footer","meta":{"_joinchat":[],"footnotes":""},"class_list":["post-132","page","type-page","status-publish","hentry"],"_links":{"self":[{"href":"https:\/\/green-loop.com\/esp\/wp-json\/wp\/v2\/pages\/132","targetHints":{"allow":["GET"]}}],"collection":[{"href":"https:\/\/green-loop.com\/esp\/wp-json\/wp\/v2\/pages"}],"about":[{"href":"https:\/\/green-loop.com\/esp\/wp-json\/wp\/v2\/types\/page"}],"author":[{"embeddable":true,"href":"https:\/\/green-loop.com\/esp\/wp-json\/wp\/v2\/users\/1"}],"replies":[{"embeddable":true,"href":"https:\/\/green-loop.com\/esp\/wp-json\/wp\/v2\/comments?post=132"}],"version-history":[{"count":0,"href":"https:\/\/green-loop.com\/esp\/wp-json\/wp\/v2\/pages\/132\/revisions"}],"wp:attachment":[{"href":"https:\/\/green-loop.com\/esp\/wp-json\/wp\/v2\/media?parent=132"}],"curies":[{"name":"wp","href":"https:\/\/api.w.org\/{rel}","templated":true}]}}